{"id":12717,"date":"2025-12-10T16:42:33","date_gmt":"2025-12-11T02:42:33","guid":{"rendered":"https:\/\/otantik.photo\/?post_type=product&#038;p=12717"},"modified":"2025-12-10T16:59:16","modified_gmt":"2025-12-11T02:59:16","slug":"carte-cadeau-tableau-photo","status":"publish","type":"product","link":"https:\/\/otantik.photo\/index.php\/product\/carte-cadeau-tableau-photo\/","title":{"rendered":"Carte Cadeau Tableau photo"},"content":{"rendered":"<p data-start=\"443\" data-end=\"780\">Offrez un cadeau qui traverse le temps : une \u0153uvre photographique pr\u00eate \u00e0 sublimer un int\u00e9rieur.<br data-start=\"539\" data-end=\"542\" \/>Avec cette <strong data-start=\"553\" data-end=\"591\">Carte Cadeau<\/strong>, le b\u00e9n\u00e9ficiaire peut choisir librement sa photographie pr\u00e9f\u00e9r\u00e9e et la faire imprimer sur le support haut de gamme de son choix : <strong data-start=\"722\" data-end=\"779\">toile tendue, Plexiglas brillant ou Alucobond \u00e9l\u00e9gant<\/strong>.<\/p>\n<p data-start=\"782\" data-end=\"1041\">Ce cadeau est id\u00e9al pour celles et ceux qui aiment les beaux objets, la d\u00e9coration raffin\u00e9e et les images qui racontent une histoire. Chaque tirage est r\u00e9alis\u00e9 avec un soin particulier, pour offrir une qualit\u00e9 professionnelle et une durabilit\u00e9 exceptionnelle.<\/p>\n<h3 data-start=\"1043\" data-end=\"1082\"><strong data-start=\"1047\" data-end=\"1082\">Ce que permet la Carte Cadeau :<\/strong><\/h3>\n<ul data-start=\"1083\" data-end=\"1591\">\n<li data-start=\"1083\" data-end=\"1163\">\n<p data-start=\"1085\" data-end=\"1163\">Choisir librement une <strong data-start=\"1107\" data-end=\"1122\">photo d\u2019art<\/strong> parmi toutes les images de la boutique<\/p>\n<\/li>\n<li data-start=\"1164\" data-end=\"1398\">\n<p data-start=\"1166\" data-end=\"1206\">S\u00e9lectionner le <strong data-start=\"1182\" data-end=\"1193\">support<\/strong> souhait\u00e9 :<\/p>\n<ul data-start=\"1209\" data-end=\"1398\">\n<li data-start=\"1209\" data-end=\"1261\">\n<p data-start=\"1211\" data-end=\"1261\"><strong data-start=\"1211\" data-end=\"1220\">Toile<\/strong> : texture artistique, rendu chaleureux<\/p>\n<\/li>\n<li data-start=\"1264\" data-end=\"1334\">\n<p data-start=\"1266\" data-end=\"1334\"><strong data-start=\"1266\" data-end=\"1279\">Plexiglas<\/strong> : profondeur, couleurs \u00e9clatantes, brillance premium<\/p>\n<\/li>\n<li data-start=\"1337\" data-end=\"1398\">\n<p data-start=\"1339\" data-end=\"1398\"><strong data-start=\"1339\" data-end=\"1352\">Alucobond<\/strong> : rendu moderne, mat, extr\u00eamement r\u00e9sistant<\/p>\n<\/li>\n<\/ul>\n<\/li>\n<li data-start=\"1399\" data-end=\"1486\">\n<p data-start=\"1401\" data-end=\"1486\">D\u00e9finir le <strong data-start=\"1412\" data-end=\"1422\">format<\/strong> id\u00e9al selon son espace (du petit format au grand panoramique)<\/p>\n<\/li>\n<li data-start=\"1487\" data-end=\"1591\">\n<p data-start=\"1489\" data-end=\"1591\">Recevoir un tirage pr\u00eat \u00e0 exposer, r\u00e9alis\u00e9 avec des mat\u00e9riaux durables et une finition professionnelle<\/p>\n<\/li>\n<\/ul>\n<h3 data-start=\"1593\" data-end=\"1649\"><strong data-start=\"1597\" data-end=\"1649\">Un cadeau qui s\u2019int\u00e8gre dans tous les int\u00e9rieurs<\/strong><\/h3>\n<p data-start=\"1650\" data-end=\"1947\">Paysages, sc\u00e8nes de vie, couleurs polyn\u00e9siennes, moments suspendus\u2026<br data-start=\"1717\" data-end=\"1720\" \/>Chaque photo imprim\u00e9e devient un \u00e9l\u00e9ment de d\u00e9coration unique, capable de transformer un salon, une chambre ou un bureau. La carte cadeau donne toute la libert\u00e9 au b\u00e9n\u00e9ficiaire pour choisir l\u2019\u0153uvre qui r\u00e9sonne le plus avec lui.<\/p>\n<h3 data-start=\"1949\" data-end=\"1993\"><strong data-start=\"1953\" data-end=\"1993\">Comment fonctionne la carte cadeau ?<\/strong><\/h3>\n<ol data-start=\"1994\" data-end=\"2283\">\n<li data-start=\"1994\" data-end=\"2026\">\n<p data-start=\"1997\" data-end=\"2026\">Vous choisissez le montant.<\/p>\n<\/li>\n<li data-start=\"2027\" data-end=\"2106\">\n<p data-start=\"2030\" data-end=\"2106\">Le b\u00e9n\u00e9ficiaire re\u00e7oit un <strong data-start=\"2056\" data-end=\"2071\">code cadeau<\/strong> imm\u00e9diatement apr\u00e8s la commande.<\/p>\n<\/li>\n<li data-start=\"2107\" data-end=\"2178\">\n<p data-start=\"2110\" data-end=\"2178\">Il s\u00e9lectionne la photo, le support et le format qui lui plaisent.<\/p>\n<\/li>\n<li data-start=\"2179\" data-end=\"2283\">\n<p data-start=\"2182\" data-end=\"2283\">La production est lanc\u00e9e, puis l\u2019\u0153uvre est livr\u00e9e directement chez lui (ou en retrait selon options).<\/p>\n<\/li>\n<\/ol>\n<h3 data-start=\"2285\" data-end=\"2324\"><strong data-start=\"2289\" data-end=\"2324\">Pourquoi ce cadeau est unique ?<\/strong><\/h3>\n<ul data-start=\"2325\" data-end=\"2642\">\n<li data-start=\"2325\" data-end=\"2377\">\n<p data-start=\"2327\" data-end=\"2377\">Il s\u2019adapte \u00e0 tous les go\u00fbts et tous les budgets<\/p>\n<\/li>\n<li data-start=\"2378\" data-end=\"2433\">\n<p data-start=\"2380\" data-end=\"2433\">C\u2019est un cadeau \u00e9l\u00e9gant, durable et personnalisable<\/p>\n<\/li>\n<li data-start=\"2434\" data-end=\"2503\">\n<p data-start=\"2436\" data-end=\"2503\">Il permet d\u2019offrir une \u0153uvre artistique plut\u00f4t qu\u2019un simple objet<\/p>\n<\/li>\n<li data-start=\"2504\" data-end=\"2557\">\n<p data-start=\"2506\" data-end=\"2557\">Le b\u00e9n\u00e9ficiaire choisit ce qui lui parle vraiment<\/p>\n<\/li>\n<li data-start=\"2558\" data-end=\"2642\">\n<p data-start=\"2560\" data-end=\"2642\">Le tirage imprim\u00e9 devient un souvenir, une ambiance, une pi\u00e8ce forte de d\u00e9coration<\/p>\n<\/li>\n<\/ul>\n<p>&nbsp;<\/p>\n<p><em>*Si le montant ne correspond pas au prix final, la diff\u00e9rence sera alors revers\u00e9e ou alors factur\u00e9e au b\u00e9n\u00e9ficiaire. Carte Cadeau valable 12 mois a partir de la date d&#8217;\u00e9mission de celle-ci.<\/em><\/p>\n","protected":false},"excerpt":{"rendered":"<p>Offrez une \u0153uvre photographique personnalis\u00e9e.<br data-start=\"2722\" data-end=\"2725\" \/>Cette carte cadeau permet de choisir une photo d\u2019art et de la faire imprimer sur <strong data-start=\"2806\" data-end=\"2839\">toile, Plexiglas ou Alucobond<\/strong>, dans le format souhait\u00e9. Un cadeau \u00e9l\u00e9gant et durable, parfait pour sublimer un int\u00e9rieur. Valable 12 mois.<\/p>\n","protected":false},"featured_media":12723,"template":"","meta":{"_acf_changed":false,"jetpack_publicize_message":"","jetpack_publicize_feature_enabled":true,"jetpack_social_post_already_shared":true,"jetpack_social_options":{"image_generator_settings":{"template":"highway","default_image_id":0,"font":"","enabled":false},"version":2}},"product_brand":[],"product_cat":[147,104],"product_tag":[144],"class_list":{"0":"post-12717","1":"product","2":"type-product","3":"status-publish","4":"has-post-thumbnail","6":"product_cat-carte-cadeau","7":"product_cat-tahiti","8":"product_tag-carte-cadeau","9":"wooma_product_brands-otantik","10":"nt-post-class","11":"","17":"first","18":"instock","19":"purchasable","20":"product-type-pw-gift-card"},"acf":[],"yoast_head":"<!-- This site is optimized with the Yoast SEO Premium plugin v27.3 (Yoast SEO v27.4) - https:\/\/yoast.com\/product\/yoast-seo-premium-wordpress\/ -->\n<title>Carte Cadeau Tableau photo - Otantik<\/title>\n<meta name=\"description\" content=\"Offrez bien plus qu\u2019un cadeau : offrez un souvenir qui restera toute une vie.Une s\u00e9ance photo authentique, personnalis\u00e9e, pleine d\u2019\u00e9motion et de complicit\u00e9.\" \/>\n<meta name=\"robots\" content=\"index, follow, max-snippet:-1, max-image-preview:large, max-video-preview:-1\" \/>\n<link rel=\"canonical\" href=\"https:\/\/otantik.photo\/index.php\/product\/carte-cadeau-tableau-photo\/\" \/>\n<meta property=\"og:locale\" content=\"fr_FR\" \/>\n<meta property=\"og:type\" content=\"article\" \/>\n<meta property=\"og:title\" content=\"Carte Cadeau Tableau photo\" \/>\n<meta property=\"og:description\" content=\"Cette carte cadeau permet de choisir une photo d\u2019art et de la faire imprimer sur toile, Plexiglas ou Alucobond, dans le format souhait\u00e9. Un cadeau \u00e9l\u00e9gant et durable, parfait pour sublimer un int\u00e9rieur.\" \/>\n<meta property=\"og:url\" content=\"https:\/\/otantik.photo\/index.php\/product\/carte-cadeau-tableau-photo\/\" \/>\n<meta property=\"og:site_name\" content=\"Otantik\" \/>\n<meta property=\"article:publisher\" content=\"https:\/\/www.facebook.com\/Otantikphotographie\/\" \/>\n<meta property=\"article:modified_time\" content=\"2025-12-11T02:59:16+00:00\" \/>\n<meta property=\"og:image\" content=\"https:\/\/otantik.photo\/wp-content\/uploads\/2025\/12\/carte-cadeau-2026-TP.jpg\" \/>\n\t<meta property=\"og:image:width\" content=\"2000\" \/>\n\t<meta property=\"og:image:height\" content=\"1333\" \/>\n\t<meta property=\"og:image:type\" content=\"image\/jpeg\" \/>\n<meta name=\"twitter:card\" content=\"summary_large_image\" \/>\n<meta name=\"twitter:label1\" content=\"Prix\" \/>\n\t<meta name=\"twitter:data1\" content=\"5000&nbsp;XPF\" \/>\n\t<meta name=\"twitter:label2\" content=\"Disponibilit\u00e9\" \/>\n\t<meta name=\"twitter:data2\" content=\"En stock\" \/>\n<script type=\"application\/ld+json\" class=\"yoast-schema-graph\">{\"@context\":\"https:\\\/\\\/schema.org\",\"@graph\":[{\"@type\":\"WebPage\",\"@id\":\"https:\\\/\\\/otantik.photo\\\/index.php\\\/product\\\/carte-cadeau-tableau-photo\\\/\",\"url\":\"https:\\\/\\\/otantik.photo\\\/index.php\\\/product\\\/carte-cadeau-tableau-photo\\\/\",\"name\":\"Carte Cadeau Tableau photo - Otantik\",\"isPartOf\":{\"@id\":\"https:\\\/\\\/otantik.photo\\\/#website\"},\"primaryImageOfPage\":{\"@id\":\"https:\\\/\\\/otantik.photo\\\/index.php\\\/product\\\/carte-cadeau-tableau-photo\\\/#primaryimage\"},\"image\":{\"@id\":\"https:\\\/\\\/otantik.photo\\\/index.php\\\/product\\\/carte-cadeau-tableau-photo\\\/#primaryimage\"},\"thumbnailUrl\":\"https:\\\/\\\/otantik.photo\\\/wp-content\\\/uploads\\\/2025\\\/12\\\/carte-cadeau-2026-TP.jpg\",\"datePublished\":\"2025-12-11T02:42:33+00:00\",\"dateModified\":\"2025-12-11T02:59:16+00:00\",\"description\":\"Offrez bien plus qu\u2019un cadeau : offrez un souvenir qui restera toute une vie.Une s\u00e9ance photo authentique, personnalis\u00e9e, pleine d\u2019\u00e9motion et de complicit\u00e9.\",\"breadcrumb\":{\"@id\":\"https:\\\/\\\/otantik.photo\\\/index.php\\\/product\\\/carte-cadeau-tableau-photo\\\/#breadcrumb\"},\"inLanguage\":\"fr-FR\",\"potentialAction\":[{\"@type\":\"ReadAction\",\"target\":[\"https:\\\/\\\/otantik.photo\\\/index.php\\\/product\\\/carte-cadeau-tableau-photo\\\/\"]}]},{\"@type\":\"ImageObject\",\"inLanguage\":\"fr-FR\",\"@id\":\"https:\\\/\\\/otantik.photo\\\/index.php\\\/product\\\/carte-cadeau-tableau-photo\\\/#primaryimage\",\"url\":\"https:\\\/\\\/otantik.photo\\\/wp-content\\\/uploads\\\/2025\\\/12\\\/carte-cadeau-2026-TP.jpg\",\"contentUrl\":\"https:\\\/\\\/otantik.photo\\\/wp-content\\\/uploads\\\/2025\\\/12\\\/carte-cadeau-2026-TP.jpg\",\"width\":2000,\"height\":1333,\"caption\":\"Carte cadeau - Tableau photo - O'Tantik.Photo\"},{\"@type\":\"BreadcrumbList\",\"@id\":\"https:\\\/\\\/otantik.photo\\\/index.php\\\/product\\\/carte-cadeau-tableau-photo\\\/#breadcrumb\",\"itemListElement\":[{\"@type\":\"ListItem\",\"position\":1,\"name\":\"Accueil\",\"item\":\"https:\\\/\\\/otantik.photo\\\/\"},{\"@type\":\"ListItem\",\"position\":2,\"name\":\"Shop\",\"item\":\"https:\\\/\\\/otantik.photo\\\/index.php\\\/shop\\\/\"},{\"@type\":\"ListItem\",\"position\":3,\"name\":\"Carte Cadeau Tableau photo\"}]},{\"@type\":\"WebSite\",\"@id\":\"https:\\\/\\\/otantik.photo\\\/#website\",\"url\":\"https:\\\/\\\/otantik.photo\\\/\",\"name\":\"Otantik photographe Tahiti\",\"description\":\"Photographe Tahiti Polynesie fran\u00e7aise\",\"publisher\":{\"@id\":\"https:\\\/\\\/otantik.photo\\\/#\\\/schema\\\/person\\\/3f170a3e8a4c9506dc6e55b5ee1e7399\"},\"potentialAction\":[{\"@type\":\"SearchAction\",\"target\":{\"@type\":\"EntryPoint\",\"urlTemplate\":\"https:\\\/\\\/otantik.photo\\\/?s={search_term_string}\"},\"query-input\":{\"@type\":\"PropertyValueSpecification\",\"valueRequired\":true,\"valueName\":\"search_term_string\"}}],\"inLanguage\":\"fr-FR\"},{\"@type\":[\"Person\",\"Organization\"],\"@id\":\"https:\\\/\\\/otantik.photo\\\/#\\\/schema\\\/person\\\/3f170a3e8a4c9506dc6e55b5ee1e7399\",\"name\":\"Otantik\",\"image\":{\"@type\":\"ImageObject\",\"inLanguage\":\"fr-FR\",\"@id\":\"https:\\\/\\\/otantik.photo\\\/wp-content\\\/uploads\\\/2024\\\/12\\\/Logo-003.gif\",\"url\":\"https:\\\/\\\/otantik.photo\\\/wp-content\\\/uploads\\\/2024\\\/12\\\/Logo-003.gif\",\"contentUrl\":\"https:\\\/\\\/otantik.photo\\\/wp-content\\\/uploads\\\/2024\\\/12\\\/Logo-003.gif\",\"width\":500,\"height\":500,\"caption\":\"Otantik\"},\"logo\":{\"@id\":\"https:\\\/\\\/otantik.photo\\\/wp-content\\\/uploads\\\/2024\\\/12\\\/Logo-003.gif\"},\"description\":\"Photographe professionnel \u00e0 Tahiti\",\"sameAs\":[\"https:\\\/\\\/otantik.photo\\\/\",\"https:\\\/\\\/www.facebook.com\\\/Otantikphotographie\\\/\",\"https:\\\/\\\/www.instagram.com\\\/otantikphoto\\\/\",\"https:\\\/\\\/www.youtube.com\\\/@Otantik987\"]}]}<\/script>\n<meta property=\"product:price:amount\" content=\"5000\" \/>\n<meta property=\"product:price:currency\" content=\"XPF\" \/>\n<meta property=\"og:availability\" content=\"instock\" \/>\n<meta property=\"product:availability\" content=\"instock\" \/>\n<meta property=\"product:condition\" content=\"new\" \/>\n<!-- \/ Yoast SEO Premium plugin. -->","yoast_head_json":{"title":"Carte Cadeau Tableau photo - Otantik","description":"Offrez bien plus qu\u2019un cadeau : offrez un souvenir qui restera toute une vie.Une s\u00e9ance photo authentique, personnalis\u00e9e, pleine d\u2019\u00e9motion et de complicit\u00e9.","robots":{"index":"index","follow":"follow","max-snippet":"max-snippet:-1","max-image-preview":"max-image-preview:large","max-video-preview":"max-video-preview:-1"},"canonical":"https:\/\/otantik.photo\/index.php\/product\/carte-cadeau-tableau-photo\/","og_locale":"fr_FR","og_type":"article","og_title":"Carte Cadeau Tableau photo","og_description":"Cette carte cadeau permet de choisir une photo d\u2019art et de la faire imprimer sur toile, Plexiglas ou Alucobond, dans le format souhait\u00e9. Un cadeau \u00e9l\u00e9gant et durable, parfait pour sublimer un int\u00e9rieur.","og_url":"https:\/\/otantik.photo\/index.php\/product\/carte-cadeau-tableau-photo\/","og_site_name":"Otantik","article_publisher":"https:\/\/www.facebook.com\/Otantikphotographie\/","article_modified_time":"2025-12-11T02:59:16+00:00","og_image":[{"width":2000,"height":1333,"url":"https:\/\/otantik.photo\/wp-content\/uploads\/2025\/12\/carte-cadeau-2026-TP.jpg","type":"image\/jpeg"}],"twitter_card":"summary_large_image","twitter_misc":{"Prix":"5000&nbsp;XPF","Disponibilit\u00e9":"En stock"},"schema":{"@context":"https:\/\/schema.org","@graph":[{"@type":"WebPage","@id":"https:\/\/otantik.photo\/index.php\/product\/carte-cadeau-tableau-photo\/","url":"https:\/\/otantik.photo\/index.php\/product\/carte-cadeau-tableau-photo\/","name":"Carte Cadeau Tableau photo - Otantik","isPartOf":{"@id":"https:\/\/otantik.photo\/#website"},"primaryImageOfPage":{"@id":"https:\/\/otantik.photo\/index.php\/product\/carte-cadeau-tableau-photo\/#primaryimage"},"image":{"@id":"https:\/\/otantik.photo\/index.php\/product\/carte-cadeau-tableau-photo\/#primaryimage"},"thumbnailUrl":"https:\/\/otantik.photo\/wp-content\/uploads\/2025\/12\/carte-cadeau-2026-TP.jpg","datePublished":"2025-12-11T02:42:33+00:00","dateModified":"2025-12-11T02:59:16+00:00","description":"Offrez bien plus qu\u2019un cadeau : offrez un souvenir qui restera toute une vie.Une s\u00e9ance photo authentique, personnalis\u00e9e, pleine d\u2019\u00e9motion et de complicit\u00e9.","breadcrumb":{"@id":"https:\/\/otantik.photo\/index.php\/product\/carte-cadeau-tableau-photo\/#breadcrumb"},"inLanguage":"fr-FR","potentialAction":[{"@type":"ReadAction","target":["https:\/\/otantik.photo\/index.php\/product\/carte-cadeau-tableau-photo\/"]}]},{"@type":"ImageObject","inLanguage":"fr-FR","@id":"https:\/\/otantik.photo\/index.php\/product\/carte-cadeau-tableau-photo\/#primaryimage","url":"https:\/\/otantik.photo\/wp-content\/uploads\/2025\/12\/carte-cadeau-2026-TP.jpg","contentUrl":"https:\/\/otantik.photo\/wp-content\/uploads\/2025\/12\/carte-cadeau-2026-TP.jpg","width":2000,"height":1333,"caption":"Carte cadeau - Tableau photo - O'Tantik.Photo"},{"@type":"BreadcrumbList","@id":"https:\/\/otantik.photo\/index.php\/product\/carte-cadeau-tableau-photo\/#breadcrumb","itemListElement":[{"@type":"ListItem","position":1,"name":"Accueil","item":"https:\/\/otantik.photo\/"},{"@type":"ListItem","position":2,"name":"Shop","item":"https:\/\/otantik.photo\/index.php\/shop\/"},{"@type":"ListItem","position":3,"name":"Carte Cadeau Tableau photo"}]},{"@type":"WebSite","@id":"https:\/\/otantik.photo\/#website","url":"https:\/\/otantik.photo\/","name":"Otantik photographe Tahiti","description":"Photographe Tahiti Polynesie fran\u00e7aise","publisher":{"@id":"https:\/\/otantik.photo\/#\/schema\/person\/3f170a3e8a4c9506dc6e55b5ee1e7399"},"potentialAction":[{"@type":"SearchAction","target":{"@type":"EntryPoint","urlTemplate":"https:\/\/otantik.photo\/?s={search_term_string}"},"query-input":{"@type":"PropertyValueSpecification","valueRequired":true,"valueName":"search_term_string"}}],"inLanguage":"fr-FR"},{"@type":["Person","Organization"],"@id":"https:\/\/otantik.photo\/#\/schema\/person\/3f170a3e8a4c9506dc6e55b5ee1e7399","name":"Otantik","image":{"@type":"ImageObject","inLanguage":"fr-FR","@id":"https:\/\/otantik.photo\/wp-content\/uploads\/2024\/12\/Logo-003.gif","url":"https:\/\/otantik.photo\/wp-content\/uploads\/2024\/12\/Logo-003.gif","contentUrl":"https:\/\/otantik.photo\/wp-content\/uploads\/2024\/12\/Logo-003.gif","width":500,"height":500,"caption":"Otantik"},"logo":{"@id":"https:\/\/otantik.photo\/wp-content\/uploads\/2024\/12\/Logo-003.gif"},"description":"Photographe professionnel \u00e0 Tahiti","sameAs":["https:\/\/otantik.photo\/","https:\/\/www.facebook.com\/Otantikphotographie\/","https:\/\/www.instagram.com\/otantikphoto\/","https:\/\/www.youtube.com\/@Otantik987"]}]},"product_price_amount":"5000","product_price_currency":"XPF","og_availability":"instock","product_availability":"instock","product_condition":"new"},"jetpack_publicize_connections":[],"jetpack_sharing_enabled":true,"_links":{"self":[{"href":"https:\/\/otantik.photo\/index.php\/wp-json\/wp\/v2\/product\/12717","targetHints":{"allow":["GET"]}}],"collection":[{"href":"https:\/\/otantik.photo\/index.php\/wp-json\/wp\/v2\/product"}],"about":[{"href":"https:\/\/otantik.photo\/index.php\/wp-json\/wp\/v2\/types\/product"}],"version-history":[{"count":1,"href":"https:\/\/otantik.photo\/index.php\/wp-json\/wp\/v2\/product\/12717\/revisions"}],"predecessor-version":[{"id":12724,"href":"https:\/\/otantik.photo\/index.php\/wp-json\/wp\/v2\/product\/12717\/revisions\/12724"}],"wp:featuredmedia":[{"embeddable":true,"href":"https:\/\/otantik.photo\/index.php\/wp-json\/wp\/v2\/media\/12723"}],"wp:attachment":[{"href":"https:\/\/otantik.photo\/index.php\/wp-json\/wp\/v2\/media?parent=12717"}],"wp:term":[{"taxonomy":"product_brand","embeddable":true,"href":"https:\/\/otantik.photo\/index.php\/wp-json\/wp\/v2\/product_brand?post=12717"},{"taxonomy":"product_cat","embeddable":true,"href":"https:\/\/otantik.photo\/index.php\/wp-json\/wp\/v2\/product_cat?post=12717"},{"taxonomy":"product_tag","embeddable":true,"href":"https:\/\/otantik.photo\/index.php\/wp-json\/wp\/v2\/product_tag?post=12717"}],"curies":[{"name":"wp","href":"https:\/\/api.w.org\/{rel}","templated":true}]}}